**2 + 140*u - 2 - 144*u + u**2 - 3*u**3. Is g(-5) a composite number?
True
Suppose -3*i - 68 + 317 = 0. Suppose 5*l = -2*t + i, -5*t + 4*l = -2*t - 90. Let x = 31 + t. Is x a composite number?
True
Is 1644 - (1 + -3 - -9) a composite number?
False
Suppose 0 = 6*n - 211 + 13. Suppose -4*x + 132 = t, x + t - 2*t = n. Is x a prime number?
False
Suppose -4*l = -3*a - 611, -4*l + 2*a = -787 + 181. Let u = 108 + l. Is u a prime number?
True
Suppose -2*x = 2*x + 6364. Let n = 854 + x. Let b = n - -1116. Is b prime?
True
Let k = 29 - 17. Suppose -k = -4*b + 4. Suppose -b*d + 633 + 163 = 0. Is d prime?
True
Let o be -2 - (-3 + 3/3). Suppose -372 = -2*h - o*h. Is h/4*2 - -2 a prime number?
False
Let w = -3136 - -4753. Let p = 2774 - w. Is p prime?
False
Let n be 7698/(-16) + -4*3/(-96). Let g = n - -675. Is g a composite number?
True
Let s = 45 - -51. Suppose 2*v + 4*n + 422 = 7*v, 0 = v + 5*n - s. Is v composite?
True
Let h = 202 + -105. Let g = h - 66. Is g a prime number?
True
Is 5 - 399/(-7)*(-944)/(-12) a prime number?
False
Suppose 2*b - 2*j - 12 = 2, -4*b = 4*j - 4. Suppose -b*o + 107 = g, 4*g + 2*o = -3*o + 450. Is g a prime number?
False
Suppose 9*y + 15 = 4*y, 5*n + 5*y = 0. Let a be 3/((-3)/(-1070)) + 1. Suppose 0 = 4*q + q + 4*o - a, n*q - 5*o = 613. Is q composite?
False
Is -1 - (-24)/36*(-1 - -8959) composite?
True
Let m be (11/(-33))/(1/(-1506)). Let l = 741 - m. Is l composite?
False
Let a(h) = 140*h**2 + 3*h. Suppose -t - 9 = -4*t - 2*c, 2*t - 5*c = -13. Is a(t) prime?
False
Suppose f + 1767 = j, -3549 = -2*j - 3*f - 35. Is j a prime number?
False
Suppose -4*p - o + 54569 = 0, 3*o - 7*o - 54544 = -4*p. Is p prime?
False
Let j be (6 - 5)*(-5)/(-1). Suppose -12 = 4*z, -j*z = 4*x - 6*z - 1167. Is x composite?
True
Let g(l) = -l**2 + 6*l - 5. Let n be g(5). Suppose -f + 2113 = 3*y, -2*f + n*y + 2*y = -4194. Is f a composite number?
True
Suppose -81 = q - 4*q. Let r = q - 16. Is 2*(-3 + (r - -3)) composite?
True
Let v(f) = -139*f - 24. Let a be v(-13). Suppose 5*y - 1612 - a = 0. Is y a composite number?
True
Let r(t) = -86*t - 5. Suppose 4 + 24 = -7*u. Is r(u) a prime number?
False
Suppose -4*t + 186 + 155 = 5*w, 2*t = 2*w - 140. Suppose 3*h = w + 564. Is h a composite number?
False
Is 1*(-5)/(40/(-27896)) prime?
False
Suppose -232*l + 474015 = -217*l. Is l a prime number?
True
Let d be ((-4)/6 + 1)*12. Suppose 0 = -4*k + 2*k - 3*o + 2234, d*o + 4508 = 4*k. Suppose -3*r + 2*p = -1067, -2894 + k = -5*r - 4*p. Is r a composite number?
True
Let c(v) = 7 - 5 + 29*v**2 + 10 + 1 - 5*v. Let g be c(9). Suppose f - 8*f + g = 0. Is f a prime number?
True
Suppose -5*o + 3*s = -4153, 0 = 4*o - 2*s + 5*s - 3317. Let w = o - 351. Is w a composite number?
False
Suppose 0 = s - 3*s + 18. Is 4 - (3461 + s)*(-2)/4 composite?
True
Let k be 150/35 + 2/(-7). Suppose -2*j = -2*i + 500, 2*i + 501 = k*i - 3*j. Is i a prime number?
False
Suppose 0 = 18*y + 17*y - 478135. Is y prime?
False
Is 4548/8*16 + 5 a prime number?
False
Let c(b) = -4*b**3 + 3*b + 2. Let v be c(-1). Is (v - 1216)*3/(-3) a prime number?
True
Is 21/35 + ((-893172)/35)/(-3) prime?
False
Suppose 9 = c + 3. Suppose -5*h + 2*d = c, -2*d - 3*d = -15. Suppose 0 = -b + 3*f + 44, h*b - 2*b - f + 67 = 0. Is b a prime number?
False
Let r = -3 + 0. Let w(d) = d**2 + 3*d + 1. Let n be w(r). Let h(f) = 212*f**2 - 1. Is h(n) a prime number?
True
Let d(s) = s**3 + 8*s**2 - 7*s - 22. Let l be d(-9). Is (-32)/l - (-3591)/5 a composite number?
False
Let j be (-2)/4*-6 + -3. Let w(p) = p**2 - p + 98. Let d be w(j). Let u = d + 281. Is u a prime number?
True
Let n(q) be the third derivative of q**5/60 + 163*q**3/6 + q**2. Suppose 0*d = d. Is n(d) a composite number?
False
Suppose 0 = 5*z + 20, 3*h + z - 1253 - 180 = 0. Let g be 136*(10/(-4) + 0). Let r = h + g. Is r a composite number?
False
Let t = -1039 + 729. Let b = 489 + t. Is b a prime number?
True
Let u be 495/(-4) + 3/24*-2. Is u/10*(-12 + 2) + -1 a prime number?
False
Let i = -17 - -10. Let j(g) = -72*g + 17. Is j(i) a composite number?
False
Let p be -8*1*1/(-2). Suppose 4 = -4*s - 5*l, -s - 2*s - p*l = 3. Let m(z) = 55*z**2 - z - 1. Is m(s) a composite number?
True
Is 1/((-18)/(-49155)) - (-15)/90 prime?
True
Let w(i) = 5147*i - 657. Is w(5) composite?
True
Let v(m) = -m**3 + 8*m**2 - 7*m - 2. Let k be v(7). Let z be k/5*(-4 - 1). Is (505 + (-9)/3)/z a composite number?
False
Suppose 0 = 13*t - 169737 - 168770. Is t a prime number?
False
Suppose 5*i = 18413 + 16352. Is i a prime number?
False
Let a(u) = 3*u + 11. Let c be a(8). Suppose -4*l + c = l. Suppose 0 = -5*s + l*s - 508. Is s prime?
False
Let o(u) = u**2 + u - 2. Let s be o(-4). Let f be (s/(-4))/((-10)/24). Let b(i) = -i**3 + 9*i**2 + 3*i - 8. Is b(f) a prime number?
False
Let h = 22 + -45. Let a = 223 - 117. Let d = h + a. Is d a prime number?
True
Let y = 7966 - 2004. Suppose 3590 = 2*b - 3*l, -y = -3*b + 3*l - 571. Is b a prime number?
True
Let u be ((-56)/(-10))/((-20)/(-50)). Is ((-509)/1)/(u - 15) composite?
False
Let i = -38 - -38. Let k = 204 + 33. Suppose -6*v + 9*v - k = i. Is v a composite number?
False
Let w(a) = -a**3 - 10*a**2 + 7*a - 7. Let t = -17 - -34. Let u = t - 28. Is w(u) prime?
True
Is (11418/(-18))/((-32)/96) a composite number?
True
Suppose 0 = 4*c - 12, h + 0*c - 12815 = 2*c. Is h prime?
True
Suppose 3*x = -3*q + 561, 8*q + 402 = 2*x + 3*q. Suppose -35*l - x = -36*l. Is l prime?
True
Suppose r = 4734 + 1247. Is r a prime number?
True
Suppose -5*k + 16 = -0*k + 4*r, 0 = 3*k - 3*r - 15. Let z be (996/(-9))/(k/(-12)). Suppose 2*b = 6*b - z. Is b a prime number?
True
Suppose 10*j - 4*b = 11*j + 17, 0 = 3*b + 9. Let r(k) be the second derivative of -k**5/20 - 5*k**4/12 + 7*k**2/2 + k. Is r(j) prime?
True
Suppose 512 = 2*b - 3*o, -3*b - 3*o - 253 = -4*b. Let p = b + 12. Is p a prime number?
True
Suppose 4*u = -u + 20. Suppose -4*f - 3*h + 1940 = 0, u*f - 3*h - 1587 = 353. Is f a composite number?
True
Let q = -47 + 32. Is (-1)/((q/1221)/5) composite?
True
Let f(y) = 399*y - 8. Let t be f(4). Is t/8*(-8)/(-4) a prime number?
True
Suppose -3*w = -4 - 2. Suppose w*z = -13 + 9. Is (1/z)/(3/(-138)) a prime number?
True
Suppose 0*h + 2*w = h, 0 = -2*h - 3*w + 14. Suppose -8*i + 6512 = -h*i. Is i/10 + 5/25 prime?
True
Suppose 0 = 2*i + 11 - 15. Is (-1)/((-1590)/794 + i) a prime number?
True
Let a = 92 - 92. Suppose -3*b - 2*j = -11095, 5*b - 6*j + 2*j - 18455 = a. Is b prime?
False
Is 8700 + 2/(20/90) a prime number?
False
Suppose 0 = -4*j + 2*s + 6210, 4*j + 0*s = -5*s + 6175. Suppose -4*y + 586 = -j. Suppose 149 = -5*o + y. Is o a composite number?
True
Let x(m) = 10*m + 2. Let a be x(-4). Let k = -26 - a. Suppose 0 = 4*y - k, -5*l + 4*y = 2*y - 169. Is l a composite number?
True
Suppose -17*g - 4686 = -23*g. Is g composite?
True
Let r(p) = p - 1. Let x be r(4). Suppose x*n = 9*n - 1266. Is n a composite number?
False
Let j be 66/(-44) + 11/2. Suppose -10 - 1369 = -j*o - r, -2*r + 1374 = 4*o. Is o a composite number?
True
Suppose -f + 5 = -y + 8, 0 = 5*y - 3*f - 9. Is (1 - (2 + -2))*y - -163 a composite number?
False
Let s(i) = 2*i**2 - 13*i + 15. Suppose -4*m + 40 = -3*c, 8 = 3*m + 4*c - 22. Is s(m) composite?
True
Let l(n) = n**2 - 8*n - 18. Let z = 32 - 19. Is l(z) composite?
False
Let y(z) be the second derivative of z**5/20 - 5*z**4/12 + 11*z**3/6 - 9*z**2/2 - 13*z. Is y(7) prime?
False
Let t be (12/(-15))/(6/105). Let u = -10 - t. Suppose u*z - 316 = 16. Is z a prime number?
True
Let b = 3 + -15. Let n = 18 + b. Is 5077/3 - (-4)/n a prime number?
True
Suppose -9*u + 6*u - 447 = 0. Let w = u - -1786. Is w prime?
True
Let x be (1 - 0)/(12/(-24)). Let p be (-1409)/(-7) - x/(-7). Suppose 0 = 3*h - p - 216. Is h composite?
False
Suppose 43*f - 42*f - 2 = 0. Suppose -5*k + 3*k + 3463 = -3*p, f*k = p + 3465. Is k a prime number?
True
Suppose 5*c = 0, -3*y + 3*c = -0*c + 9534. Let j be y/5 + 6/(-15). Let s = 943 + j. Is s a composite number?
False
Let g = 42 - 14. Let p be (-2)/(-16) - g/(-32). Is (-480)/(-3) - (3 - p) a composite number?
True
Suppose 5*k = -2*w + 22 + 3, 3*w + k = 70. Suppose -26*c = -w*c - 426. Suppose -3*x + 27 = 3*r - 207, -5*x = -4*r - c. Is x a prime number?
False
Is -2*(0 - 24799/2) composite?
False
Let z(r) = 2*r**2 + r + 5. Let b be z(0). Let u(s) = 3